remainder when 166627 is divided by 7934?
13
Calculate the remainder when 96781 is divided by 1125.
31
What is the remainder when 38610304 is divided by 636?
16
Calculate the remainder when 98862 is divided by 3797.
140
What is the remainder when 31207863 is divided by 163?
46
Calculate the remainder when 27268 is divided by 4417.
766
What is the remainder when 59855 is divided by 3408?
1919
Calculate the remainder when 1418945 is divided by 30190.
15
Calculate the remainder when 133977 is divided by 33460.
137
What is the remainder when 42212997 is divided by 12?
9
Calculate the remainder when 18302218 is divided by 28.
18
What is the remainder when 14281880 is divided by 12695?
5
What is the remainder when 3166009 is divided by 369?
358
What is the remainder when 34458098 is divided by 8218?
24
What is the remainder when 5140999 is divided by 5140952?
47
What is the remainder when 9613 is divided by 8658?
955
What is the remainder when 365956 is divided by 1338?
682
What is the remainder when 44041 is divided by 7213?
763
Calculate the remainder when 200126976 is divided by 20.
16
What is the remainder when 5173307 is divided by 620?
27
What is the remainder when 133188 is divided by 10243?
29
What is the remainder when 3983 is divided by 216?
95
Calculate the remainder when 48672550 is divided by 3.
1
What is the remainder when 36689 is divided by 1179?
140
What is the remainder when 375460 is divided by 28868?
176
What is the remainder when 5127179 is divided by 892?
855
Calculate the remainder when 15293545 is divided by 7646770.
5
What is the remainder when 795502 is divided by 1353?
1291
What is the remainder when 1746574 is divided by 194062?
16
What is the remainder when 1635085 is divided by 272504?
61
What is the remainder when 173851573 is divided by 363?
346
Calculate the remainder when 302423 is divided by 23242.
277
What is the remainder when 9535966 is divided by 2560?
2526
Calculate the remainder when 7497619 is divided by 260.
259
What is the remainder when 32382 is divided by 1600?
382
Calculate the remainder when 12412667 is divided by 6206039.
589
Calculate the remainder when 176864 is divided by 2979.
1103
What is the remainder when 202819 is divided by 196?
155
Calculate the remainder when 8822789 is divided by 210.
59
What is the remainder when 7635183 is divided by 32?
15
What is the remainder when 69228 is divided by 1258?
38
What is the remainder when 826715 is divided by 2706?
1385
Calculate the remainder when 1924826 is divided by 481130.
306
What is the remainder when 137819 is divided by 2869?
107
Calculate the remainder when 417125 is divided by 417048.
77
Calculate the remainder when 52047145 is divided by 3061596.
13
Calculate the remainder when 17096731 is divided by 3707.
47
What is the remainder when 439949 is divided by 119?
6
Calculate the remainder when 4743814 is divided by 4743773.
41
What is the remainder when 2259891 is divided by 376646?
15
What is the remainder when 101682983 is divided by 2652?
2651
Calculate the remainder when 1638330 is divided by 350.
330
Calculate the remainder when 260068223 is divided by 4361.
4349
Calculate the remainder when 6759867 is divided by 340.
327
What is the remainder when 288897 is divided by 72179?
181
Calculate the remainder when 52610996 is divided by 663.
620
Calculate the remainder when 28343914 is divided by 12.
10
What is the remainder when 34780 is divided by 3458?
200
Calculate the remainder when 224324097 is divided by 378.
375
What is the remainder when 3455173 is divided by 23?
21
What is the remainder when 249313 is divided by 6223?
393
What is the remainder when 55942547 is divided by 5138?
3
Calculate the remainder when 63449 is divided by 10349.
1355
What is the remainder when 34838197 is divided by 181?
41
What is the remainder when 28442 is divided by 4052?
78
What is the remainder when 2093030 is divided by 156?
134
What is the remainder when 8696913 is divided by 63481?
16
Calculate the remainder when 398782 is divided by 132918.
28
Calculate the remainder when 1314743 is divided by 62596.
227
Calculate the remainder when 378255723 is divided by 6.
3
Calculate the remainder when 1179626579 is divided by 13391.
13389
What is the remainder when 799628 is divided by 36345?
38
Calculate the remainder when 2433377 is divided by 10399.
11
What is the remainder when 95217 is divided by 5895?
897
What is the remainder when 114804 is divided by 37137?
3393
What is the remainder when 137220 is divided by 6693?
3360
What is the remainder when 1308414 is divided by 326686?
1670
Calculate the remainder when 186394 is divided by 185986.
408
Calculate the remainder when 331003 is divided by 165453.
97
What is the remainder when 110697 is divided by 1367?
1337
Calculate the remainder when 112821149 is divided by 51.
20
What is the remainder when 2112408 is divided by 80?
8
Calculate the remainder when 164781511 is divided by 1238.
1235
What is the remainder when 69025451 is divided by 67015?
1
Calculate the remainder when 37625663 is divided by 64.
63
What is the remainder when 1175650 is divided by 29388?
130
What is the remainder when 127241 is divided by 7944?
137
What is the remainder when 21936080 is divided by 48?
32
What is the remainder when 251284 is divided by 183?
25
Calculate the remainder when 88595583 is divided by 77.
76
What is the remainder when 117204647 is divided by 11720461?
37
What is the remainder when 289204 is divided by 288668?
536
Calculate the remainder when 54638014 is divided by 6829748.
30
Calculate the remainder when 134813 is divided by 11225.
113
What is the remainder when 185365338 is divided by 32?
26
Calculate the remainder when 895375 is divided by 298433.
76
What is the remainder when 71599 is divided by 361?
121
What is the remainder when 99056 is divided by 16124?
2312
What is the remainder when 95342 is divided by 47338?
666
Calculate the remainder when 439624079 is divided by 7140.
7139
Calculate the remainder when 11319185 is divided by 793.
696
What is the remainder when 14130165 is divided by 77214?
3
What is the remainder when 284168 is divided by 4733?
188
Calculate the remainder when 3862001 is divided by 258.
257
What is the remainder when 9541931 is divided by 46546?
1
What is the remainder when 152952 is divided by 38?
2
What is the remainder when 21801 is divided by 3086?
199
Calculate the remainder when 133350 is divided by 66358.
634
Calculate the remainder when 7358465 is divided by 28.
9
What is the remainder when 21060 is divided by 501?
18
What is the remainder when 22890354 is divided by 238?
228
What is the remainder when 346209 is divided by 2061?
2022
What is the remainder when 144765805 is divided by 482?
479
Calculate the remainder when 120828 is divided by 120686.
142
What is the remainder when 35896594 is divided by 97?
95
What is the remainder when 30581066 is divided by 141?
140
Calculate the remainder when 800156 is divided by 33.
5
What is the remainder when 6782601 is divided by 37266?
189
Calculate the remainder when 772434 is divided by 28607.
45
What is the remainder when 1606808 is divided by 535601?
5
What is the remainder when 6048 is divided by 315?
63
What is the remainder when 816747 is divided by 4125?
4122
Calculate the remainder when 346196 is divided by 2339.
24
What is the remainder when 508645 is divided by 2443?
501
Calculate the remainder when 1168401 is divided by 980.
241
What is the remainder when 39471833 is divided by 58?
49
Calculate the remainder when 447050 is divided by 111735.
110
Calculate the remainder when 8406858 is divided by 8406847.
11
What is the remainder when 28880587 is divided by 4341?
4255
Calculate the remainder when 1985582 is divided by 30.
2
What is the remainder when 93412706 is divided by 3747?
3743
What is the remainder when 122155598 is divided by 175?
173
What is the remainder when 204804 is divided by 236?
192
Calculate the remainder when 99686182 is divided by 5994.
5962
What is the remainder when 343898 is divided by 596?
6
Calculate the remainder when 8821288 is divided by 507.
502
What is the remainder when 677361 is divided by 6911?
83
Calculate the remainder when 517555577 is divided by 10.
7
Calculate the remainder when 8193679